{"id":34,"date":"2024-04-11T07:52:33","date_gmt":"2024-04-11T10:52:33","guid":{"rendered":"https:\/\/slovanka.com.br\/?page_id=34"},"modified":"2025-04-07T09:29:19","modified_gmt":"2025-04-07T12:29:19","slug":"servicos-de-pesquisa-genealogica-e-documentacao-para-cidadania-tcheca","status":"publish","type":"page","link":"https:\/\/slovanka.com.br\/index.php\/servicos-de-pesquisa-genealogica-e-documentacao-para-cidadania-tcheca\/","title":{"rendered":"Servi\u00e7os de Pesquisa Geneal\u00f3gica e Documenta\u00e7\u00e3o para Cidadania Tcheca"},"content":{"rendered":"<h2>Pesquisa Geneal\u00f3gica para <a href=\"http:\/\/cidadaniatcheca.com\">Cidadania Tcheca<\/a><\/h2>\n<p>Se voc\u00ea est\u00e1 em busca da <a href=\"_wp_link_placeholder\" data-wplink-edit=\"true\">cidadania tcheca<\/a> e precisa comprovar sua ascend\u00eancia, n\u00f3s podemos te ajudar. Nossos profissionais s\u00e3o especialistas na montagem da \u00e1rvore geneal\u00f3gica da sua fam\u00edlia, garantindo a precis\u00e3o e consist\u00eancia necess\u00e1rias para o processo.<\/p>\n<h2>Busca de Documentos<\/h2>\n<p>Al\u00e9m da pesquisa geneal\u00f3gica, tamb\u00e9m realizamos a busca de todos os documentos necess\u00e1rios para a cidadania tcheca. Nossa equipe est\u00e1 preparada para encontrar esses documentos tanto no Brasil quanto na Rep\u00fablica Tcheca e Eslov\u00e1quia, facilitando todo o processo para voc\u00ea.<\/p>\n<h2>An\u00e1lise da Documenta\u00e7\u00e3o<\/h2>\n<p>A documenta\u00e7\u00e3o encontrada \u00e9 analisada individualmente por especialistas da nossa equipe. Esse processo garante a precis\u00e3o e consist\u00eancia dos documentos, evitando qualquer problema nos pr\u00f3ximos passos do processo de obten\u00e7\u00e3o da cidadania.<\/p>\n<p>Al\u00e9m disso, tamb\u00e9m preparamos toda a documenta\u00e7\u00e3o conforme as exig\u00eancias do consulado tcheco, facilitando ainda mais o seu caminho para a cidadania.<\/p>\n<p>Dependendo do procedimento adotado pelo consulado tcheco, pode ser necess\u00e1rio aguardar na fila ou agendar uma entrevista. N\u00f3s cuidamos de toda essa parte burocr\u00e1tica para voc\u00ea, garantindo que tudo esteja em ordem para o seu processo.<\/p>\n<p>Ap\u00f3s a entrega da documenta\u00e7\u00e3o, monitoramos o sistema do consulado para inform\u00e1-lo quando o processo for conclu\u00eddo. Assim, voc\u00ea ficar\u00e1 tranquilo sabendo que est\u00e1 tudo encaminhado.<\/p>\n<p>E quando o processo estiver conclu\u00eddo, voc\u00ea poder\u00e1 prosseguir com os procedimentos para emitir o passaporte tcheco e aproveitar todas as vantagens que a cidadania oferece.<\/p>\n<p class=\"p1\">Avaliamos sua elegibilidade para o reconhecimento da cidadania tcheca.<span class=\"Apple-converted-space\"> <span class=\"s1\">\ud83c\udde8\ud83c\uddff<\/span> <span class=\"s1\">\ud83d\udc49<\/span> <a href=\"https:\/\/forms.gle\/tenneNAsA8GxqM2aA\">Avalia\u00e7\u00e3o gr\u00e1tis!<\/a>\u00a0<\/span><\/p>\n","protected":false},"excerpt":{"rendered":"<p>Pesquisa Geneal\u00f3gica para Cidadania Tcheca Se voc\u00ea est\u00e1 em busca da cidadania tcheca e precisa comprovar sua ascend\u00eancia, n\u00f3s podemos te ajudar. Nossos profissionais s\u00e3o especialistas na montagem da \u00e1rvore geneal\u00f3gica da sua fam\u00edlia, garantindo a precis\u00e3o e consist\u00eancia necess\u00e1rias para o processo. Busca de Documentos Al\u00e9m da pesquisa geneal\u00f3gica, tamb\u00e9m realizamos a busca de [&hellip;]<\/p>\n","protected":false},"author":1,"featured_media":0,"parent":0,"menu_order":0,"comment_status":"closed","ping_status":"closed","template":"","meta":{"site-sidebar-layout":"default","site-content-layout":"","ast-site-content-layout":"default","site-content-style":"default","site-sidebar-style":"default","ast-global-header-display":"","ast-banner-title-visibility":"","ast-main-header-display":"","ast-hfb-above-header-display":"","ast-hfb-below-header-display":"","ast-hfb-mobile-header-display":"","site-post-title":"","ast-breadcrumbs-content":"","ast-featured-img":"","footer-sml-layout":"","ast-disable-related-posts":"","theme-transparent-header-meta":"","adv-header-id-meta":"","stick-header-meta":"","header-above-stick-meta":"","header-main-stick-meta":"","header-below-stick-meta":"","astra-migrate-meta-layouts":"default","ast-page-background-enabled":"default","ast-page-background-meta":{"desktop":{"background-color":"var(--ast-global-color-4)","background-image":"","background-repeat":"repeat","background-position":"center center","background-size":"auto","background-attachment":"scroll","background-type":"","background-media":"","overlay-type":"","overlay-color":"","overlay-opacity":"","overlay-gradient":""},"tablet":{"background-color":"","background-image":"","background-repeat":"repeat","background-position":"center center","background-size":"auto","background-attachment":"scroll","background-type":"","background-media":"","overlay-type":"","overlay-color":"","overlay-opacity":"","overlay-gradient":""},"mobile":{"background-color":"","background-image":"","background-repeat":"repeat","background-position":"center center","background-size":"auto","background-attachment":"scroll","background-type":"","background-media":"","overlay-type":"","overlay-color":"","overlay-opacity":"","overlay-gradient":""}},"ast-content-background-meta":{"desktop":{"background-color":"var(--ast-global-color-5)","background-image":"","background-repeat":"repeat","background-position":"center center","background-size":"auto","background-attachment":"scroll","background-type":"","background-media":"","overlay-type":"","overlay-color":"","overlay-opacity":"","overlay-gradient":""},"tablet":{"background-color":"var(--ast-global-color-5)","background-image":"","background-repeat":"repeat","background-position":"center center","background-size":"auto","background-attachment":"scroll","background-type":"","background-media":"","overlay-type":"","overlay-color":"","overlay-opacity":"","overlay-gradient":""},"mobile":{"background-color":"var(--ast-global-color-5)","background-image":"","background-repeat":"repeat","background-position":"center center","background-size":"auto","background-attachment":"scroll","background-type":"","background-media":"","overlay-type":"","overlay-color":"","overlay-opacity":"","overlay-gradient":""}},"footnotes":""},"class_list":["post-34","page","type-page","status-publish","hentry"],"aioseo_notices":[],"_links":{"self":[{"href":"https:\/\/slovanka.com.br\/index.php\/wp-json\/wp\/v2\/pages\/34","targetHints":{"allow":["GET"]}}],"collection":[{"href":"https:\/\/slovanka.com.br\/index.php\/wp-json\/wp\/v2\/pages"}],"about":[{"href":"https:\/\/slovanka.com.br\/index.php\/wp-json\/wp\/v2\/types\/page"}],"author":[{"embeddable":true,"href":"https:\/\/slovanka.com.br\/index.php\/wp-json\/wp\/v2\/users\/1"}],"replies":[{"embeddable":true,"href":"https:\/\/slovanka.com.br\/index.php\/wp-json\/wp\/v2\/comments?post=34"}],"version-history":[{"count":6,"href":"https:\/\/slovanka.com.br\/index.php\/wp-json\/wp\/v2\/pages\/34\/revisions"}],"predecessor-version":[{"id":97,"href":"https:\/\/slovanka.com.br\/index.php\/wp-json\/wp\/v2\/pages\/34\/revisions\/97"}],"wp:attachment":[{"href":"https:\/\/slovanka.com.br\/index.php\/wp-json\/wp\/v2\/media?parent=34"}],"curies":[{"name":"wp","href":"https:\/\/api.w.org\/{rel}","templated":true}]}}